of d and r?
30
Suppose -181*s + 848928 = 41*s. What is the highest common divisor of s and 16?
16
Let b = 44 + 38. Let u(s) = -s**3 - 14*s**2 - 16*s + 2. Let p be u(-13). What is the greatest common factor of b and p?
41
Suppose 0 = 184*o - 104281 - 31327. What is the greatest common factor of o and 297?
11
Suppose -2*x = x - 21. Let b = -2539 - -2552. What is the greatest common divisor of x and b?
1
Suppose 4*q - 2*j - 30 = 0, -226*q + 2*j = -227*q + 10. Calculate the greatest common factor of q and 2048.
8
Let h(q) = -28*q - 59. Let z be h(-18). Let u = -425 + z. What is the highest common factor of 1620 and u?
20
Let t = -471 - -498. Let r be (-2 + 5)/(t/306). What is the greatest common factor of 986 and r?
34
Suppose -2389*k = -2393*k + 208. What is the highest common divisor of k and 2171?
13
Suppose 6*c = 3*c - 3*d + 12, -4*d + 4 = 0. Suppose 0 = c*g - 4*g. Suppose g*i - 55 = -5*i. What is the highest common divisor of 33 and i?
11
Let p(o) = -62*o - 974. Let s be p(-19). Calculate the greatest common factor of s and 20.
4
Let h = -18122 - -32132. What is the highest common divisor of 12 and h?
6
Let o(p) = -p**3 - 13*p**2 + 17*p - 121. Let t be o(-16). Calculate the greatest common factor of t and 125.
125
Let w(p) be the second derivative of -5*p**3/3 - 36*p**2 + 108*p. Let q be w(-11). Calculate the greatest common divisor of q and 133.
19
Let r be ((-20)/(-5) + (-10)/4)*192. Suppose 10*d - 12*d + r = 0. Calculate the highest common factor of 80 and d.
16
Suppose 2115 = 7*c - 2169. Suppose -45*m + c = -39*m. What is the greatest common divisor of 12 and m?
6
Let v = -5204 - -5258. What is the highest common divisor of v and 396?
18
Let v be (-8658)/((-9)/(126/28)). Calculate the highest common divisor of 9 and v.
9
Let y be (-31983)/(-3) + (-36)/((-48)/4). Calculate the highest common factor of y and 186.
62
Let r be (0 + 0)*(-2)/4. Let z be (r - 48)*-1 - 0. Suppose 686 = 83*i + 188. Calculate the greatest common divisor of z and i.
6
Let t = 12439 - 5477. What is the greatest common divisor of t and 118?
118
Suppose -194*a + 195*a = -2*d, 3*a = -4*d + 10. Let t = 3 + 1. Suppose 0*w + 16 = t*w. What is the greatest common factor of w and a?
2
Suppose 0 = -4*g + k + 161, k - 103 - 23 = -3*g. What is the highest common divisor of 656 and g?
41
Let k(s) be the third derivative of -1/6*s**3 - 1/6*s**4 + 0*s - 13*s**2 + 0. Let d be k(-1). Calculate the greatest common factor of 3 and d.
3
Let j = 315 - 232. Suppose 5*x - j = 2*d, 3*x - 23 - 26 = d. What is the greatest common factor of x and 795?
15
Let z be (28/(-7))/(1*(-2)/8). Let g(x) = -6*x + 106. Let m be g(z). What is the greatest common factor of m and 320?
10
Let g be -2 + -2 - (-19 - (-5)/(-5)). Calculate the highest common factor of g and 424.
8
Let k be (-7028)/(-20) - ((-23 - -15) + (-37)/(-5)). Calculate the greatest common factor of k and 256.
32
Let y(i) = -i**2 + 3*i - 2. Let t be y(-4). Let x be -5*(-6)/t*21/(-1). Suppose 5 + x = p + 4*r, -3*r = -3. What is the greatest common divisor of p and 176?
22
Let l(d) = -127*d + 12733. Let x be l(97). Calculate the highest common factor of 8556 and x.
138
Let z be (2 - 9) + 3 + 0. Let k be z/(-12) - 61/3. Let v be (56/k)/(5/(-25)). What is the greatest common factor of 112 and v?
14
Suppose -16*k - 56 = -18*k. Suppose d = -0*d - q - k, -15 = -5*q. Let y = -11 - d. What is the highest common divisor of y and 20?
20
Suppose 210*s - 5*s - 2534620 = 0. Calculate the highest common divisor of 44 and s.
44
Let r = -5990 + 6500. Calculate the greatest common factor of 330 and r.
30
Suppose 494*a - 12556 = 322*a. What is the greatest common factor of 3 and a?
1
Let h = -10192 - -10573. Calculate the highest common factor of 18 and h.
3
Let v = -443 - -448. Suppose o = -2, -6*y + 3*o = -v*y - 210. Calculate the highest common divisor of y and 12.
12
Let m(x) = -2*x**2 + 27*x + 71. Let h be m(14). Let r = 2271 - 1359. What is the greatest common divisor of h and r?
57
Suppose -384 = 4*a - 5*a. Suppose 3*r + 11*o = 14*o + 129, -4*r + o + 187 = 0. Calculate the highest common divisor of a and r.
48
Suppose 5*u + 51*u - 13811 = 28525. Calculate the greatest common factor of u and 180.
36
Let i be (1 - 9)*(-23 - -57 - 182). Let k be 3/(3/(-64)*-2). What is the highest common factor of i and k?
32
Let a be 8664/(-285)*10/(-4). What is the greatest common factor of a and 28?
4
Suppose 0 = 8*c + 21*c. Suppose -b - 5*w + 640 = c, -3*b - 2*b - 3*w + 3288 = 0. Calculate the highest common divisor of 60 and b.
60
Suppose 4*l - 5964 = 4*q, 273*l + 5*q + 5957 = 277*l. What is the highest common divisor of l and 7062?
214
Let t = 14233 - 14221. Suppose -m - 4*m - 214 = -2*l, 3*l - 2*m = 310. What is the greatest common factor of t and l?
6
Let p = -4267 - -4278. Calculate the greatest common factor of p and 3.
1
Let h = 31013 - 29975. Calculate the highest common factor of 54 and h.
6
Suppose -v - 165 - 110 = 0. Let y = 653 + v. Calculate the greatest common factor of y and 56.
14
Let c(j) = -j**2 + 8*j + 20. Let q be c(10). Suppose q = -3*s + 7 + 20. Calculate the highest common factor of 342 and s.
9
Suppose -5*n + 7 - 77 = -3*q, 2*n - 102 = -4*q. Suppose 231 - 981 = -q*g. Calculate the greatest common factor of 930 and g.
30
Let g be (110 - (-1)/(-1)) + 2. Let v(i) = 17*i**3 + 56*i**2 - 13*i - 10. Let s be v(-3). Calculate the greatest common divisor of s and g.
37
Suppose -285*j = -78447 - 39543. Calculate the highest common divisor of 1610 and j.
46
Suppose 8*g - 24663 = -g - 5088. What is the highest common factor of 174 and g?
87
Suppose -13*x = x - 266. Suppose 6*y + x = -5. Let f be 54/12 + y - 143/(-2). What is the greatest common divisor of f and 180?
36
Let q = 648 - -2395. Suppose -q*o = -3039*o - 400. Let z be 2/((2/25)/1). What is the highest common factor of o and z?
25
Suppose -3*i + 2*b = -16, b + 20 = 4*i - 3*b. Suppose 3*v + i = n - 0, 5*n + 3*v = 30. Let p = 117 - 69. Calculate the greatest common factor of n and p.
6
Suppose 3*o = 3, o - 3 = 4*p - 2. Suppose -35 + p = -m. What is the highest common factor of 10 and m?
5
Let g(p) be the third derivative of -17*p**4/24 - 18*p**3 - 64*p**2 + 1. Let r be g(-7). Let h = 70 - 37. Calculate the greatest common factor of r and h.
11
Suppose -50*y - 4233 = -133*y. Let u(k) = 3*k**3 + 7*k**2 + 3*k - 4. Let p be u(5). What is the greatest common factor of y and p?
51
Let q(x) = x**3 + 10*x**2 - 12*x - 9. Let k be q(-11). Let y be (-4 + 2 + 12)/2. Suppose 7*j = y*j + 16. Calculate the greatest common divisor of j and k.
2
Let n(d) = 35*d**2 + 51*d - 23. Let a be n(-2). Let q(t) = -t + 10. Let c be q(7). Calculate the greatest common factor of c and a.
3
Let d(x) = -73*x - 74*x + 146*x - 13. Let h be d(-15). Suppose 5*i + h*p = 260, -26 = -i + 4*p + 4. Calculate the highest common factor of i and 25.
25
Let v = -58 + 69. Let g = 15 - v. Suppose 3*s - g*m - 108 = 0, -2*s - 3*s + 169 = -3*m. Calculate the greatest common divisor of 288 and s.
32
Suppose -5504 = 151*m - 279*m. Calculate the greatest common divisor of 13201 and m.
43
Let o be (-99)/5 + 3/(-15). Let h = -28 + 16. Let g be h/o + 344/10. What is the greatest common divisor of g and 5?
5
Let z be (2/30)/((-21)/70) + (-4072)/(-18). Calculate the highest common factor of 339 and z.
113
Let a be (-30046)/((-4 - -10)/(-3)) + (-24)/3. What is the highest common factor of a and 546?
273
Let t(u) be the second derivative of -1/20*u**5 + 26*u - 5/12*u**4 + 9/2*u**2 + 0 + 11/6*u**3. Let z be t(-7). Calculate the highest common factor of z and 30.
30
Let v = 9400 + -5410. What is the greatest common factor of v and 342?
114
Let q = -24935 + 25119. Calculate the greatest common factor of 759 and q.
23
Let x = 2853 - 1245. What is the highest common divisor of 1005 and x?
201
Suppose 0 = 227*g - 155*g - 35568. Suppose -v - t + 16 = 5, 5*v - 67 = t. What is the highest common divisor of v and g?
13
Let c be 2/14 - ((-209148)/84 - -20). Calculate the highest common divisor of c and 130.
130
Let j be 4/8 + 122/4. Calculate the greatest common divisor of j and 8401.
31
Let g(s) = -2*s**3 - 26*s**2 - 21*s + 66. Let m be g(-12). Calculate the greatest common factor of m and 33360.
30
Suppose -1991 = -28*k + 1929. What is the highest common factor